ue
Is 688531 composite?
False
Is 287791 composite?
True
Is 93131 a composite number?
False
Is 76037167 a prime number?
True
Is 74531426 composite?
True
Is 983063 composite?
False
Is 32088377 prime?
False
Is 20014949 prime?
True
Is 623477 a composite number?
False
Is 399563 prime?
False
Is 8653901 a composite number?
True
Is 187635601 a prime number?
True
Is 1710911 a composite number?
True
Is 8283433 a composite number?
False
Is 23642698 a composite number?
True
Is 6107119 a composite number?
False
Is 10865671 a prime number?
True
Is 35379583 prime?
False
Is 21019411 a prime number?
False
Is 11097871 prime?
True
Is 3994357 composite?
False
Is 4927469 composite?
True
Is 2183767 prime?
False
Is 14554261 a prime number?
False
Is 4164367 a composite number?
False
Is 369922979 a composite number?
True
Is 26430931 prime?
True
Is 168897713 a prime number?
True
Is 26214483 a composite number?
True
Is 83597149 composite?
False
Is 378535393 composite?
True
Is 30455837 composite?
False
Is 2365993 composite?
True
Is 122303297 a composite number?
True
Is 91588543 prime?
True
Is 1965602 a composite number?
True
Is 8350739 a prime number?
True
Is 37377167 composite?
False
Is 673811 prime?
True
Is 11470247 prime?
False
Is 1310509 a composite number?
False
Is 8554493 a prime number?
False
Is 6920149 composite?
False
Is 1706927 composite?
False
Is 4279079 a prime number?
False
Is 5580833 composite?
False
Is 9625337 a composite number?
True
Is 166872481 prime?
True
Is 1017899 prime?
False
Is 6329633 a prime number?
False
Is 1531583 composite?
True
Is 335659 prime?
False
Is 159334403 a composite number?
False
Is 1502531 composite?
True
Is 312821941 a composite number?
True
Is 363493601 composite?
True
Is 17663263 prime?
True
Is 1613363 a composite number?
False
Is 1534321 a composite number?
False
Is 8324207 prime?
True
Is 69965501 prime?
True
Is 44507641 a composite number?
True
Is 2244079 a composite number?
True
Is 4390129 composite?
True
Is 832987 a prime number?
True
Is 16157699 a composite number?
False
Is 3085403 composite?
False
Is 6584249 a prime number?
False
Is 31213033 a composite number?
True
Is 33609335 prime?
False
Is 56997097 a composite number?
True
Is 70111193 prime?
False
Is 315998273 a composite number?
False
Is 60134869 composite?
False
Is 103964921 composite?
True
Is 255978329 composite?
True
Is 6132089 a prime number?
True
Is 132547741 a composite number?
True
Is 63381239 a prime number?
False
Is 7507 a composite number?
False
Is 9505801 a composite number?
False
Is 684538139 a composite number?
False
Is 281657657 a composite number?
True
Is 63401 a composite number?
True
Is 657911 composite?
False
Is 806129 a prime number?
True
Is 10797497 prime?
False
Is 56719267 a prime number?
False
Is 6809479 prime?
False
Is 31061486 prime?
False
Is 117696947 prime?
False
Is 11565173 prime?
False
Is 137313941 composite?
False
Is 31821431 composite?
True
Is 50721739 prime?
False
Is 2885029 a composite number?
True
Is 12663877 a prime number?
True
Is 706231283 a prime number?
True
Is 12813719 prime?
False
Is 16598741 prime?
True
Is 3681395 prime?
False
Is 553507 prime?
True
Is 98313837 prime?
False
Is 816251 prime?
True
Is 49184431 composite?
False
Is 210917887 a prime number?
True
Is 47013751 a composite number?
False
Is 4521785 prime?
False
Is 4743089 a prime number?
False
Is 1301083 a prime number?
False
Is 470128649 a prime number?
True
Is 34710581 prime?
False
Is 304403 prime?
False
Is 140490643 a prime number?
True
Is 13934069 a composite number?
False
Is 4870409 composite?
False
Is 9787039 a composite number?
False
Is 1450979 prime?
True
Is 4628509 composite?
True
Is 2226181 prime?
False
Is 5544073 prime?
False
Is 270307943 composite?
True
Is 5675863 composite?
True
Is 1179657619 composite?
True
Is 11887979 a composite number?
False
Is 62255371 composite?
False
Is 56677261 prime?
False
Is 2976121 a prime number?
False
Is 13691929 composite?
True
Is 973537 prime?
True
Is 55956203 composite?
False
Is 33720017 prime?
False
Is 20976161 prime?
False
Is 190365751 prime?
True
Is 273223 a composite number?
True
Is 271102151 prime?
True
Is 13526561 composite?
True
Is 976555 a composite number?
True
Is 197251681 a composite number?
True
Is 26127397 prime?
True
Is 1187551 composite?
False
Is 4425053 a composite number?
False
Is 20566033 a prime number?
False
Is 133099429 composite?
True
Is 54435217 a composite number?
False
Is 21806077 prime?
True
Is 176261131 composite?
False
Is 139062505 composite?
True
Is 24470471 prime?
False
Is 135309617 a prime number?
False
Is 40167209 a prime number?
False
Is 3849181 a prime number?
False
Is 4145171 a prime number?
True
Is 168973193 a composite number?
True
Is 91764667 a prime number?
True
Is 565937 prime?
True
Is 272701109 a composite number?
False
Is 10995469 a prime number?
False
Is 7345621 a prime number?
False
Is 10004119 a prime number?
True
Is 27269357 a prime number?
True
Is 3091721 a composite number?
False
Is 69195649 a composite number?
False
Is 9548729 a prime number?
False
Is 17012927 a prime number?
False
Is 21313 composite?
False
Is 7908067 prime?
False
Is 20323679 composite?
True
Is 2866109 prime?
True
Is 1221959 composite?
False
Is 96018017 a composite number?
False
Is 668324203 a prime number?
True
Is 132631445 composite?
True
Is 1081699 prime?
True
Is 49395061 a composite number?
False
Is 15763243 prime?
True
Is 38154491 prime?
False
Is 1008493 composite?
False
Is 2729633 a composite number?
False
Is 8762933 a prime number?
False
Is 17268269 prime?
True
Is 318103 a composite number?
False
Is 449182661 composite?
False
Is 6169271 a prime number?
False
Is 259603 a prime number?
True
Is 258018641 a prime number?
True
Is 2604243 a prime number?
False
Is 1730281543 a prime number?
False
Is 1921373 prime?
False
Is 540663217 composite?
True
Is 998237 a prime number?
True
Is 22590721 prime?
True
Is 108695833 composite?
False
Is 16739889 composite?
True
Is 77326033 a composite number?
True
Is 6700831 a composite number?
False
Is 2131127 a prime number?
True
Is 1106117 prime?
False
Is 51334649 prime?
True
Is 7372819 prime?
False
Is 6745771 prime?
False
Is 13062379 a prime number?
False
Is 48976481 composite?
True
Is 2180957 composite?
False
Is 530658143 composite?
False
Is 123592801 a composite number?
False
Is 10518778 a prime number?
False
Is 2122207 a prime number?
False
Is 249168301 composite?
True
Is 1265729 a composite number?
False
Is 20372413 a composite number?
True
Is 7353443 prime?
False
Is 21304267 a prime number?
False
Is 229779413 a composite number?
False
Is 117462001 composite?
False
Is 8499741 composite?
True
Is 773473 prime?
True
Is 354817 prime?
False
Is 5574589 prime?
False
Is 869731 composite?
True
Is 86083 a composite number?
False
Is 1465391 a composite number?
False
Is 4832567 a composite number?
False
Is 2503559 a composite number?
False
Is 479602393 prime?
True
Is 558714403 composite?
True
Is 10036693 prime?
False
Is 1301683 prime?
False
Is 8850937 prime?
True
Is 2519351 a prime number?
False
Is 3711551 a prime number?
False
Is 2974661 a prime number?
True
Is 554004101 prime?
False
Is 903793 a composite number?
True
Is 203841947 a prime number?
True
Is 5489095 a composite number?
True
Is 7134497 prime?
True
Is 1078933 a composite number?
True
Is 2047817 prime?
False
Is 7506337 a composite number?
True
Is 146789 a prime number?
False
Is 2454493 a composite number?
False
Is 22296241 a composite number?
True
Is 3985697 a prime number?
True
Is 2375173 a composite number?
True
Is 945187 prime?
False
Is 7672613 a prime number?
False
Is 60917849 composite?
False
Is 107124551 a prime number?
True
Is 42308243 prime?
False
Is 25808591 prime?
False
Is 11058085 a prime number?
False
Is 6250109 composite?
True
Is 253208849 composite?
True
Is 1043557 composite?
False
Is 4773049 composite?
False
Is 6156377 a composite number?
True
Is 277523783 a prime number?
False
Is 679532257 prime?
True
Is 609167281 prime?
True
Is 171773239 prime?
False
Is 8980723 prime?
False
Is 765379 a prime number?
True
Is 37317041 a prime number?
False
Is 1214773 composite?
True
Is 1844063 composite?
True
Is 2245759 a composite number?
False
Is 11968106 composite?
True
Is 184344235 prime?
False
Is 25553447 composite?
